 of 503564?
True
Does 538 divide 433628?
True
Is 5232 a multiple of 30?
False
Is 322 a factor of 528402?
True
Is 5 a factor of 33333?
False
Does 31 divide 364250?
True
Is 7 a factor of 202091?
False
Is 191 a factor of 2042377?
False
Does 18 divide 454042?
False
Is 17 a factor of 4468253?
False
Is 84623 a multiple of 7?
True
Is 3 a factor of 70800?
True
Does 388 divide 3542665?
False
Does 409 divide 7767728?
True
Is 354 a factor of 1309446?
True
Is 13 a factor of 114868?
True
Does 20 divide 200360?
True
Does 273 divide 2840565?
True
Does 499 divide 508481?
True
Is 1948 a factor of 4200213?
False
Is 1207299 a multiple of 29?
True
Is 280917 a multiple of 5?
False
Is 4442818 a multiple of 46?
True
Is 375642 a multiple of 18?
True
Is 917148 a multiple of 11?
False
Is 44731 a multiple of 41?
True
Does 55 divide 862510?
True
Does 253 divide 265559?
False
Is 3792360 a multiple of 10?
True
Is 12 a factor of 52149?
False
Does 364 divide 189644?
True
Does 26 divide 995124?
True
Is 17 a factor of 563011?
False
Is 41 a factor of 340033?
False
Is 585275 a multiple of 41?
True
Does 20 divide 1288727?
False
Does 10 divide 244771?
False
Does 1129 divide 5549035?
True
Does 61 divide 303144?
False
Is 7234293 a multiple of 33?
True
Does 232 divide 9755?
False
Is 1480672 a multiple of 590?
False
Is 1641321 a multiple of 649?
True
Is 46 a factor of 638940?
True
Is 6 a factor of 17102?
False
Does 54 divide 36450?
True
Is 49 a factor of 220402?
True
Is 531253 a multiple of 214?
False
Is 327 even?
False
Is 94530 a multiple of 3?
True
Is 16 a factor of 130585?
False
Does 17 divide 292975?
False
Is 18804057 a multiple of 1565?
False
Is 1877900 a multiple of 50?
True
Is 672 a factor of 6031872?
True
Does 10 divide 607000?
True
Is 23 a factor of 302386?
False
Does 303 divide 2282196?
True
Is 78 a factor of 446114?
False
Is 12 a factor of 20124?
True
Is 1055832 a multiple of 41?
True
Is 1090 a multiple of 12?
False
Is 1018 a factor of 12494346?
False
Does 75 divide 429150?
True
Is 417387 a multiple of 98?
False
Is 41004 a multiple of 153?
True
Is 337929 a multiple of 81?
False
Is 12 a factor of 16029968?
False
Is 4 a factor of 87430?
False
Is 171 a factor of 585907?
False
Is 1759949 a multiple of 14?
False
Is 800690 a multiple of 22?
True
Does 6 divide 689460?
True
Does 58 divide 1445476?
True
Does 230 divide 272780?
True
Is 2784536 a multiple of 131?
True
Does 199 divide 3040123?
True
Is 5 a factor of 2767806?
False
Is 47 a factor of 960906?
False
Is 24 a factor of 71401?
False
Is 2718640 a multiple of 5?
True
Is 34 a factor of 3897815?
False
Is 25307 a multiple of 72?
False
Is 545589 a multiple of 40?
False
Is 2461063 a multiple of 11?
True
Is 242511 a multiple of 229?
True
Does 2 divide 18913?
False
Does 177 divide 1150323?
True
Is 5473900 a multiple of 817?
True
Is 666928 a multiple of 571?
True
Is 40118 a multiple of 5?
False
Does 12 divide 1049376?
True
Is 11853389 a multiple of 209?
False
Is 51 a factor of 1610380?
False
Does 7 divide 15813?
True
Does 4 divide 19180?
True
Is 448607 a multiple of 695?
False
Is 613 a factor of 5660442?
True
Is 19 a factor of 125056?
False
Is 337 a factor of 1148608?
False
Does 11 divide 204446?
True
Is 606934 a multiple of 107?
False
Is 59 a factor of 1994828?
False
Is 37 a factor of 268299?
False
Is 2 a factor of 849363?
False
Is 183 a factor of 3479745?
True
Does 131 divide 40610?
True
Is 11 a factor of 95664?
False
Is 6069 a multiple of 29?
False
Is 10658561 a multiple of 14?
False
Is 230272 a multiple of 28?
True
Is 8911133 a multiple of 1127?
False
Does 500 divide 561824?
False
Does 265 divide 7741710?
True
Does 44 divide 423056?
False
Is 326 a factor of 119123?
False
Does 21 divide 42126?
True
Is 95 a factor of 82556?
False
Does 256 divide 267593?
False
Is 599047 a multiple of 197?
False
Is 5849245 a multiple of 42?
False
Is 4 a factor of 44632?
True
Is 32 a multiple of 24?
False
Is 82248 a multiple of 23?
True
Is 185 a factor of 300608?
False
Is 89 a factor of 76540?
True
Is 83 a factor of 4727526?
False
Is 14483436 a multiple of 113?
True
Is 3440617 a multiple of 69?
False
Does 4 divide 10160?
True
Does 16 divide 2398586?
False
Is 14497054 a multiple of 429?
False
Is 2375 a multiple of 7?
False
Is 4799947 a multiple of 74?
False
Is 866 a factor of 9808316?
True
Is 59 a factor of 421673?
True
Is 93 a factor of 203205?
True
Is 6 a factor of 6101?
False
Does 137 divide 2026139?
False
Is 35 a factor of 1305430?
True
Is 160830 a multiple of 132?
False
Does 51 divide 219874?
False
Does 35 divide 99225?
True
Is 708136 a multiple of 352?
False
Is 78920 a multiple of 10?
True
Is 276 a factor of 378948?
True
Does 101 divide 8723269?
True
Does 110 divide 9079956?
False
Does 15 divide 403393?
False
Is 253 a factor of 4091651?
False
Is 1344156 a multiple of 22?
True
Is 13 a factor of 1089621?
True
Is 239 a factor of 115198?
True
Is 102212 a multiple of 5?
False
Does 17 divide 119075?
False
Does 355 divide 54250?
False
Is 352 a multiple of 176?
True
Is 831916 a multiple of 31?
True
Is 7323192 a multiple of 50?
False
Is 535 a factor of 120019?
False
Is 6190080 a multiple of 2177?
False
Is 303773 a multiple of 199?
False
Does 390 divide 405990?
True
Is 66526 a multiple of 69?
False
Is 183 a factor of 54413?
False
Does 213 divide 447726?
True
Is 89 a factor of 3982839?
True
Is 33 a factor of 95601?
True
Does 3 divide 21774?
True
Does 9 divide 676980?
True
Is 5974570 a multiple of 14?
True
Is 289401 a multiple of 21?
True
Is 13 a factor of 347228?
False
Is 109 a factor of 264227?
False
Is 115 a factor of 18594120?
True
Is 22 a factor of 225940?
True
Is 51 a factor of 992562?
True
Does 901 divide 444193?
True
Is 43 a factor of 176028?
False
Is 30 a factor of 1281060?
True
Does 14 divide 35098?
True
Is 348660 a multiple of 117?
True
Is 1327569 a multiple of 16?
False
Is 5 a factor of 1133345?
True
Is 192 a factor of 430965?
False
Does 913 divide 664837?
False
Is 514881 a multiple of 171?
True
Is 107 a factor of 157859?
False
Is 215 a factor of 61056?
False
Does 145 divide 322204?
False
Is 2464950 a multiple of 50?
True
Is 16228520 a multiple of 10?
True
Is 40 a factor of 216280?
True
Is 33 a factor of 2174832?
True
Does 85 divide 823176?
False
Is 553 a factor of 15134025?
False
Does 19 divide 91333?
True
Does 21 divide 329133?
True
Is 72992 a multiple of 4?
True
Is 162 a factor of 256932?
True
Is 99 a factor of 5948811?
True
Is 4487272 a multiple of 12?
False
Is 118839 a multiple of 35?
False
Does 89 divide 4344001?
True
Does 3 divide 944627?
False
Is 727 a factor of 33562460?
False
Is 23 a factor of 274206?
True
Is 90 a factor of 5401208?
False
Is 96 a factor of 215616?
True
Is 142711 a multiple of 40?
False
Is 406104 a multiple of 24?
True
Is 87 a factor of 332775?
True
Does 212 divide 978448?
False
Is 100 a factor of 127094?
False
Is 20913144 a multiple of 15?
False
Is 254 a factor of 36068?
True
Is 145232 a multiple of 313?
True
Does 10 divide 99365?
False
Is 1758510 a multiple of 1670?
True
Is 117 a factor of 15325362?
True
Is 5646699 a multiple of 4?
False
Is 204 a factor of 87720?
True
Is 111 a factor of 10093008?
True
Is 49 a factor of 161042?
False
Does 15 divide 22875?
True
Is 7983 a multiple of 4?
False
Is 28 a factor of 302764?
True
Is 295290 a multiple of 51?
True
Is 202 a factor of 10913?
False
Is 495349 a multiple of 29?
True
Is 30693 even?
False
Does 32 divide 3411636?
False
Is 31791 a multiple of 17?
False
Is 7412353 a multiple of 257?
False
Is 7997341 a multiple of 1135?
False
Does 258 divide 178793?
False
Is 48 a factor of 2445761?
False
Does 1280 divide 3855410?
False
Does 9 divide 225658?
False
Does 48 divide 372788?
False
Is 21229104 a multiple of 104?
True
Is 23 a factor of 465865?
True
Does 7 divide 1206803?
False
Is 362980 a multiple of 56?
False
Is 11433 a multiple of 4?
False
Is 1845906 a multiple of 111?
False
Is 61 a factor of 47641?
True
Is 2798098 a multiple of 103?
True
Is 1121229 a multiple of 27?
True
Does 318 divide 7518?
False
Is 184700 a multiple of 10?
True
Is 1961934 a multiple of 23?
False
Does 25 divide 71452?
False
Is 56 a factor of 126056?
True
Is 373632 a multiple of 1344?
True
Is 496 a factor of 182351?
False
Does 14 divide 11708754?
False
Does 7 divide 31859?
False
Is 4 a factor of 93452?
True
Is